he first derivative of -i**4/4 + 2*i**3 - 3*i**2 + 6*i - 9. Calculate u(p).
1
Let u(x) = x**3 - 5*x**2 - 5*x - 4. Let q be u(6). Let w(d) = -3*d + 5. Determine w(q).
-1
Suppose -2*v - 75 = -75. Let g(h) = h + 5. Give g(v).
5
Suppose 2*s - 2*x = 18, -2*s + 0*s + x + 13 = 0. Suppose -4*d + 3*l + 3 = -d, -3*d = -s*l - 5. Let o(b) = b**3 - b - 1. Calculate o(d).
-1
Let p(v) = -v + 14. Let m be p(8). Let l(d) = -6*d**3 + d**2 + 3*d - 4. Let j(b) = 7*b**3 - b**2 - 3*b + 5. Let n(z) = m*l(z) + 5*j(z). Determine n(-2).
7
Let c(i) = -4*i**2 - 2*i**2 + 0*i**2 - i**3 - 1 + 2*i**3. Let w be c(6). Let j(h) = -h**3 - 2*h - 2*h**2 + 0*h**2 - 2*h**3 - 1. Calculate j(w).
2
Let c(i) = -3. Let n(h) be the third derivative of -h**4/24 + 7*h**3/6 + 5*h**2. Let s(x) = 6*c(x) + 3*n(x). What is s(3)?
-6
Let q(k) be the second derivative of -k**5/10 + k**4/12 - k**2/2 + 62*k. Calculate q(-2).
19
Let k = 14 - 17. Let q = 8 + k. Let f(p) = -3 - 2*p**3 - 4 + 6*p + p**3 + 4*p**2. Determine f(q).
-2
Let k = 3 + -6. Let d(n) = -6*n**2 - 8*n - 5. Let l(j) = 3 - 3 - 1 + 5 + 5*j**2 + 7*j. Let m(w) = 4*d(w) + 5*l(w). Give m(k).
0
Let n(y) = 7*y**3 - 16*y**3 + 8*y**3. Give n(-1).
1
Suppose 0 = 2*s - 5*h - 1 + 2, -13 = -5*s - 3*h. Let a(l) = 2*l**3 + l**2 + l - 2. What is a(s)?
20
Let v(t) = t - 1. Let l(z) = -z**2 - z + 3. Suppose 0 = 11*a - 9*a + 12. Let x(f) = a*v(f) - l(f). Determine x(5).
3
Let k(c) = -3 + 56*c + 1 + 3 - 53*c. Give k(-3).
-8
Let u(j) be the first derivative of -5 + 5*j + 5/2*j**2 - 1/3*j**3. What is u(6)?
-1
Suppose 0 = 3*y - 2*y. Let x(v) = -13 + v + 5 - 2. Give x(y).
-10
Let p(n) = -n**2 + 6*n**3 + 0*n + 0*n**2 - 1 + 2*n. Let k(a) = -a - 7. Let l be k(-8). What is p(l)?
6
Let z(y) = 4*y**3 + y**2. Suppose -5*m = -4*m - 3. Let k be ((-1)/(-3))/(1/m). Calculate z(k).
5
Let k = 2 + 2. Suppose h - k*t = 0, 2*h + 7 = 3*h + 3*t. Let a(o) = o - 4. What is a(h)?
0
Let o(n) = 2*n - 1. Let v be o(4). Suppose -5*r - 10 = -v*r. Let q(d) = d + 4. Determine q(r).
9
Let k(d) = -d - 3. Let f(b) = 2*b + 7. Let n(i) = 3*f(i) + 7*k(i). Let a(w) = w**3 + 6*w**2 - 15*w + 8. Suppose 0 = -3*z + 2*z - 8. Let r be a(z). What is n(r)?
0
Let a(q) = -q**3 - 3*q**2 + 6*q + 1. Suppose -3*f = -f - 14. Suppose f = -3*k - 2*j, 4*k + 4*j + 13 = -k. Let x be (k/2)/((-2)/(-16)). What is a(x)?
-7
Let i(c) = -2 - 5*c - c + 3*c. Suppose -5*y + 25 = 0, -g - 6*y + 3*y = -12. Give i(g).
7
Let b(z) = 5*z - 7. Let w be b(2). Let c(f) be the third derivative of 1/10*f**5 + 1/120*f**6 + 1/2*f**3 + 0*f + 5/24*f**4 + 0 + w*f**2. Determine c(-5).
3
Suppose k - 11 = -0*k - 3*d, 3*k + 6 = 4*d. Let h(r) be the first derivative of 1/4*r**4 - 2/3*r**3 - k + 3/2*r**2 - 3*r. Calculate h(2).
3
Let l(o) = 8 + 8 - 16 + 14*o. Suppose -4*b + 2*b - 2 = 0. Determine l(b).
-14
Let d(a) = -a**3 + 5*a**2 - a + 7. Let l be 14/(-49) - 30/(-7). Let y be (-68)/(-16) - (-3)/l. What is d(y)?
2
Let f(t) be the second derivative of t**2 + 1/6*t**3 - 2*t + 0. What is f(-2)?
0
Suppose 3*p = 3, 6 = -m + 5*m - 2*p. Let r(i) = -2*i**2 + 2*i + 2. Calculate r(m).
-2
Suppose 7*u = -2 - 12. Let f(n) = 1 - 1 + 2*n - 1. Give f(u).
-5
Let t(u) = -u**3 - u**2 + u. Suppose -15 = -4*r - r. Suppose -3*z = 4*b + 23, -5*z + 0*b - r*b - 20 = 0. Determine t(z).
-1
Let u(w) = w + w**3 + 1 - 11*w**2 - 1 + 5*w**2 - 1. Let m(c) = -c + 23. Let o be m(0). Suppose -5*h + 7 = -o. Determine u(h).
5
Let z(o) = o**3 - 4*o**2 - 4. Let u(y) = y**3 - 5*y**2 - 7*y + 9. Let n be u(6). Give z(n).
-13
Let z(l) = 3*l + 0 - 4*l + 0. Let c = -4 + 9. What is z(c)?
-5
Let m(p) = -p**3 + 5*p**2 - 5*p + 4. Suppose -s = 1 - 7. Suppose y = -3 + s. What is m(y)?
7
Let z(j) = -j**3 - j**2 - j. Let w(k) = 6*k**3 + 12*k**2 - 3*k - 5. Let u(m) = -w(m) - 5*z(m). Give u(-8).
5
Let b(w) = 3*w + 6 + 7*w + 6 - 9*w. Suppose 4*a + 0*a - 12 = 0, 2*x + 13 = a. Determine b(x).
7
Suppose -6*z + 6 = -5*z. Suppose -3 = -9*v + z*v. Let x(g) = 2*g**2 + 2*g**2 + 0*g - 2*g**2 + 2*g**3 - g. Determine x(v).
3
Let i(n) be the first derivative of 5 - 3/2*n**2 - 1/3*n**3 - 2*n. Give i(-4).
-6
Let o(n) = -n**2 + n + 2. Let x(m) = -m**3 + 3*m**2 - 2. Let h be x(2). Suppose -h*s + 6 = s. Give o(s).
0
Let w(k) = -k**2 - 4*k + 4. Let l be w(-4). Let r(a) = 0*a + a + l + 2. Calculate r(-5).
1
Let q(g) = 2*g - 2. Let m(n) be the third derivative of -n**4/24 + n**3/6 + 7*n**2. Let k(c) = -5*m(c) - 2*q(c). Calculate k(-2).
-3
Let s(h) = -4*h - 3. Let g be s(-1). Let c(w) = 9*w**2 + 1. What is c(g)?
10
Let q(p) = 5*p - 5*p - 8*p**2. Determine q(1).
-8
Let q(m) = -m - 2. Let t(f) = -f**3 + 8*f**2 - f + 2. Suppose 3*j - 12 - 12 = 0. Let n be t(j). Calculate q(n).
4
Let o(c) be the third derivative of c**7/2520 - c**6/720 + 5*c**4/24 + 4*c**2. Let y(g) be the second derivative of o(g). Calculate y(-2).
6
Let q be 7/2 - 2/4. Suppose -f - q*y = -8*y + 16, 5*f - 12 = 2*y. Let l(x) = -3 - 5*x**3 - 4*x**2 + 0 + 6*x**3 + x. Determine l(f).
1
Let o(p) = p**2 - 5*p + 5. Let u be (0/1)/(-1*2). Let g(q) = -q**3 - 6*q**2 - 8*q + 5. Let k be g(-5). Suppose -4*s = -u*s - k. Determine o(s).
5
Let d be 0 - -4*1/2. Let p(z) = 2*z + 0*z + 1 - 2*z**2 + 0*z + z**d. Calculate p(2).
1
Let o be 2/(2/(-2) - -2). Let p(g) = 10*g**2 - g. Let z be ((-8)/20)/((-2)/10). Let f(x) = -3*x**2. Let u(j) = z*p(j) + 7*f(j). Calculate u(o).
-8
Let i(t) = t**2 - 5*t - 6. Let b be i(6). Suppose -2*v - v = b. Let y(k) = -k**3 + k**2 - k + 9. What is y(v)?
9
Suppose -26 = -4*r + 5*t - 3, 0 = 5*r + 2*t - 4. Let k(o) = o**3 - o**2 + 2. Calculate k(r).
6
Suppose 16 = -6*g - 2. Let f(t) = -t**2 - 2*t - 2. Give f(g).
-5
Let g(y) be the third derivative of y**4/24 + 3*y**3/2 + 16*y**2. Determine g(-6).
3
Suppose 2*d - 5 = -15. Let u(h) = h**3 - 6*h**2 + 6*h - 3. Let x be u(5). Let o(i) = -2 + i**3 + i + 0*i**3 - 7*i + 4*i**x. Calculate o(d).
3
Let g be (-49)/3 + 5/15. Let u be ((-3)/6)/(2/g). Let z(d) = u - 5 + 4*d + 2. What is z(-1)?
-3
Let r(y) = -2*y - 6. Let c(q) = -3*q - 11. Let t(j) = 3*c(j) - 5*r(j). What is t(9)?
6
Let m = -3 + 10. Let i(j) = 14*j + 7. Let f = 1 - 3. Let t(n) = 5*n + 2. Let l(q) = f*i(q) + m*t(q). Determine l(1).
7
Let b(t) be the second derivative of t**3/3 - t**2 - 9*t. Give b(2).
2
Let w = -1 - -4. Let j(x) = 0*x - 2*x + w*x + 2. Let b(z) = 2*z + 5. Let d(m) = -3*b(m) + 8*j(m). Determine d(1).
3
Suppose 0 = 5*s - 2*l + 4*l + 5, -4*s + 3*l = 27. Let a(z) be the third derivative of -1/60*z**5 - 1/8*z**4 - 3*z**2 + 0*z + 0 + 1/6*z**3. What is a(s)?
1
Suppose -u - 1 = -5. Let r be 1/u - 11/(-4). Let l(g) = -g**2 + 3*g - 3. Give l(r).
-3
Let z(n) = -8*n**2 - n. Suppose -7 = -c - 2*x, -c - 7 = 5*x - 23. Determine z(c).
-9
Let h(v) = -2*v**3 + 79*v**2 + 3*v - v - 77*v**2. Let c(w) = w + 0*w - 1 - 3. Let p be c(6). Calculate h(p).
-4
Let w(t) = -2*t - 3. Suppose 0 = 5*y - 25 + 55. Determine w(y).
9
Let w(f) be the second derivative of f**5/20 - 7*f**4/12 + 5*f**3/6 + 2*f**2 + 3*f. Let z be (12/(-14))/(6/(-42)). What is w(z)?
-2
Suppose -30 = -3*x - 2*x. Let p(a) = -a**2 + 6*a - 5. Calculate p(x).
-5
Let t(j) be the second derivative of 2/3*j**3 + 0 + 3/2*j**2 + j. Give t(-3).
-9
Let a(i) = -i**2 + i - 1. Let p = -8 - -11. Suppose 9 = p*g - v, -2*v + 3 = g + 3*v. Determine a(g).
-7
Suppose -2*f + 3*f - 5 = 0. Suppose 0 = 2*i + f - 23. Let u = 11 - i. Let w(q) = q**2 - q - 2. What is w(u)?
0
Suppose 0 = 12*o - 43 - 5. Let u(r) = 3*r**2 - 6*r + 5. Let d(p) = -10*p**2 + 18*p - 15. Let f(h) = 2*d(h) + 7*u(h). Calculate f(o).
-3
Let h(a) = -7*a**3 - 11*a**2 + 3*a + 3. Let v(n) = 15*n**3 + 23*n**2 - 7*n - 6. Let u(z) = -13*h(z) - 6*v(z). What is u(-4)?
1
Suppose 1 = 4*z - 2*b - 15, 4*z + 8 = -4*b. Let t(o) be the first derivative of -1 - 5/3*o**3 - 7/2*o**2 + 1/4*o**4 + z*o. Calculate t(6).
-4
Let w(a) = 5*a**2 + 4. Let u(q) = 6*q**2 + 5. Let d(y) = 3*u(y) - 4*w(y). Suppose -4*m = -5*z + 37, 3 + 6 = -3*m. Let g = z + -4. Determine d(g).
-3
Let i(p) = 14*p**2 + p + 2*p**2 - 18*p**2. Let g(l) = l - 5. Let b(a) = -a + 1. Let q be b(-5). Let k be g(q). Determine i(k).
-1
Let t(f) be the third derivative of f**4/24 - 2*f**3/3 + 2*f**2. Let v = -11 + 13. Suppose -5*o = -v*g - 2*o + 15, -5*o + 19 = 4*g. What is t(g)?
2
Let f(b) = -b**2 - 8*b + 1. Let t = -7 + 3. Give f(t).
17
Let l(f) = -f**3 + 2*f + 3. Let o be l(-2). Let v(q) = -1 + 6 + 0 + o*q +